631 = -14*t. What is the units digit of t?
1
Let v = -851 - -1822. What is the hundreds digit of v?
9
Suppose 0 = 3*q + x + 3, 0 = q + q - 4*x - 12. Let f(v) = 3*v + 13. What is the tens digit of f(q)?
1
Let l be 32/6*(-3)/(-2). Suppose 36*s + 30 = 42*s. Suppose s*t - l*t = -48. What is the tens digit of t?
1
Let o = -3 + -18. Let j = o - -70. What is the units digit of j?
9
Suppose -3*w + 73 = -71. Suppose 0 = -i + 3*r + w, -96 = -2*i + 4*r - 2*r. What is the tens digit of i?
4
Let b be 284/10*7/(42/(-30)). Let c = b + 228. What is the units digit of c?
6
Suppose 3*d + 6*t - 3 = 3*t, 5*t + 25 = 5*d. Suppose -2*g - 7 = -d. What is the tens digit of 34/(-4)*(-2 + g)?
3
Let x(s) = 87*s - 248. What is the units digit of x(19)?
5
What is the hundreds digit of (-54)/(-270) - (-4689)/5?
9
Suppose 0*x = -12*x + 36. Suppose -2*m + 1007 = x*m + 2*z, 3*m - 2*z = 601. What is the hundreds digit of m?
2
Let n(o) = 7*o**2 - 3*o - 19. What is the units digit of n(-9)?
5
Let n = -548 - -785. What is the units digit of n?
7
Let b(m) = -27*m + 2*m**2 + 18*m + 13*m. What is the tens digit of b(-4)?
1
Suppose -2*p = 4 + 112. Let z = 98 + p. What is the units digit of z?
0
Suppose 5*i - g = 446, -6*g + g - 183 = -2*i. What is the tens digit of i?
8
Let y(c) = -c**3 + 5*c**2 + 22*c - 11. What is the thousands digit of y(-10)?
1
Suppose -40 = 7*w - 3*w. Let r = w + 9. What is the tens digit of (15 - 11) + 33 + r?
3
Suppose -2*p - 3624 = -4*l, -4*p + 548 = 4*l - 3088. What is the units digit of l?
7
Let f = 1980 + -1107. What is the tens digit of f?
7
Suppose 79 = 7*y - 313. What is the tens digit of y?
5
Suppose 14*o = 10*o. Suppose 0*h - 6 = q + 2*h, o = -5*q - h + 15. What is the units digit of q*(-12)/(-32)*24?
6
Let q be 5/(20/(-6))*-2. Suppose 0 = -q*r + 2*t, -7 = -4*r + t + 4*t. What is the units digit of r*(3 - 2)*-3?
6
What is the units digit of 88564/112 + (-2)/(-8)?
1
Let s(t) = -t**3 + t**2 - 1. Let k be s(2). Let h(g) = -3*g**2 - 5*g - 1. Let y(r) = r**2. Let q(m) = -h(m) - 2*y(m). What is the units digit of q(k)?
1
Let j(v) = -20*v**3 - 4*v**2 + 13. What is the tens digit of j(-3)?
1
What is the hundreds digit of -22 + 313 + (-1 + 2)*1?
2
Let d = 25 - 34. Let a = 12 + d. Suppose 2*n - a*o - 89 = 0, o + o = -2. What is the tens digit of n?
4
Let q = -23 + 25. Suppose 64 = q*b + 3*o, -5*b + 2*o = 7*o - 155. What is the units digit of b?
9
Let g = -1336 + 2228. What is the units digit of g?
2
Let b(i) = -13*i**3 + 12*i**2 + 21*i + 42. What is the hundreds digit of b(-6)?
1
Suppose 51 = 4*i - i. Let g = -15 + i. Suppose 4*d - 2 = -g*p + 36, 0 = 2*p - 3*d - 10. What is the units digit of p?
1
Suppose -44*n = -43*n - 428. Suppose 2*t - 5*k + 91 = 3*t, -4*k + n = 4*t. What is the hundreds digit of t?
1
What is the tens digit of 377394/217 + 6/7?
4
Suppose -3*m + 3333 = -2*n - 784, -2*m - 5*n + 2751 = 0. What is the hundreds digit of m?
3
Let h(j) = -3*j. Let q(k) = k**2 + 3*k - 11. Let p be q(-5). Let t be h(p). Let d = t - -19. What is the tens digit of d?
2
Let j = -1921 - -2983. What is the units digit of j?
2
Let c(y) be the second derivative of -y**4/12 + y**3/2 + 7*y**2/2 + 6*y. Let f be c(5). Let s(k) = -13*k - 2. What is the tens digit of s(f)?
3
Let m = 14 - 20. Let y be (2*2)/(m/3). What is the units digit of y + -1 + 4 + 40?
1
Suppose -5*b + 523 = -1842. What is the units digit of b?
3
Let c = -31 + 48. Let d(m) = c - 18 + m**2 + m**3 + 0*m + m. What is the tens digit of d(2)?
1
Suppose -8415 = -39*b + 6*b. What is the units digit of b?
5
Let s(q) = 3*q**3 - 1. Let k be s(-1). Let v be 2/k*(2 - 2). What is the tens digit of 2*(v - (-17)/2)?
1
Let q(z) = 5*z**3 - 2*z**2 - 2*z + 3. Let t be q(2). Let a = -26 + t. Suppose -m - f + 14 = 0, -m - 50 = -4*m + a*f. What is the units digit of m?
5
Let x(z) = 13*z**2 - 14*z + 6. What is the hundreds digit of x(6)?
3
Let y = 130 - 91. Suppose -m + y = 4*v + v, 5 = -5*m. Suppose v*g - 6*g = 56. What is the tens digit of g?
2
Let b = -175 + 162. Let a = b + 34. What is the tens digit of a?
2
Suppose -4*u = u + 3*i + 14778, 2*i + 5912 = -2*u. What is the tens digit of 4/14 + u/(-21)?
4
Let v(t) = -59*t**3 - 2*t**2 - t + 4. Let m(r) = -117*r**3 - 5*r**2 - 2*r + 9. Let q(x) = 3*m(x) - 7*v(x). What is the units digit of q(1)?
1
Let t(b) be the third derivative of -5*b**2 + 0 + 0*b + 1/120*b**6 + 0*b**4 + 1/3*b**3 + 1/10*b**5. What is the tens digit of t(-3)?
2
Let h be (-57)/(-12) - (-6)/24. Suppose -h*i + 2*u + 222 = 4*u, -i + 4*u = -62. Suppose o + i = 3*o. What is the tens digit of o?
2
Let s = 8 - 5. Suppose m = -s*m + 12. Suppose o - m = 12. What is the tens digit of o?
1
Let b(t) = 82*t - 53*t + 116*t. What is the tens digit of b(1)?
4
Let v(w) = -w - 16. Let x be v(-6). Let o be -2 + (-2 - x) + -4. Suppose 5*y = r - o + 12, -2*y - 9 = -3*r. What is the units digit of r?
5
Suppose 1049 = 2*y - 3859. What is the thousands digit of y?
2
Let h = -440 - -602. What is the hundreds digit of h?
1
Let r be ((-4)/26 - 64/260)*35. Let b(x) = -x**3 - 7*x**2 - x - 9. Let i be b(-7). What is the units digit of (-1628)/(-28) - i/r?
8
Let u be (-3)/9*(-7 - -1). Suppose -72 = -u*d - 4*d. What is the units digit of d?
2
Let b = 620 - 302. What is the units digit of b?
8
Suppose 5*a - 11536 = 4*r, -17*r + 11516 = 5*a - 16*r. What is the tens digit of a?
0
Let n(r) = -r**2 + 23*r + 35. Let l be ((-15)/10*38)/(-3). What is the tens digit of n(l)?
1
Let l(c) = 45*c - 1. Let j be l(2). Suppose -7*z = -j - 114. What is the tens digit of z?
2
Let g(p) = 56*p + 31. What is the units digit of g(3)?
9
Suppose 0 = 18*d + 32*d - 237200. What is the thousands digit of d?
4
Let o be (-1)/(((-10)/(-28))/5). Let i(l) = l**3 + 13*l**2 - 22*l - 30. What is the tens digit of i(o)?
8
Suppose -2203 = -27*l + 46586. What is the units digit of l?
7
Let q be 1 + (5 - (-30)/(-3)). What is the tens digit of -4 - q - 483/(-3)?
6
Let q(n) = -n**3 - 5*n**2 + 4*n - 13. Let z be q(-6). Let i(s) = -64*s**3 - s**2. What is the tens digit of i(z)?
6
Let h(l) = 3*l**3 + l**2 - 1. Let u be h(5). What is the units digit of (26/6)/(19/u)?
1
Let k = 0 + 157. What is the hundreds digit of k?
1
Let w(u) = -100*u + 16. Let c be w(-2). Suppose 0 = -l - 7*l + c. What is the tens digit of l?
2
Let a = 1300 - 889. What is the hundreds digit of a?
4
Suppose 13*v - 9906 = -3146. What is the hundreds digit of v?
5
Let j(g) = -27*g - 139. What is the units digit of j(-36)?
3
Suppose -11 = 4*z - 2*z - 5*j, j = z - 2. Suppose u - z*u = -414. What is the units digit of u?
9
Let u = -1199 + 1832. Suppose 0 = 3*s - 7*s + 3*j + u, 0 = -4*j + 4. What is the hundreds digit of s?
1
Let x be (3/(-2))/(3/(-28)). Suppose -2 + x = 3*p. Suppose 0 = -4*g + 20, p*g = -4*v + 32 + 4. What is the units digit of v?
4
Suppose -4*w + 122 = -4*m - 62, -16 = -4*m. What is the units digit of w?
0
Let f be (4 + 4 - -1)*26. Let b = f + -121. What is the tens digit of b?
1
Let j = -5 - -9. Suppose 0 = 5*f + j*q - 8*q + 61, 2*f + 22 = 4*q. Let u = -2 - f. What is the tens digit of u?
1
Suppose 186*a - 5472 = 168*a. What is the tens digit of a?
0
Let t(u) = -u**2 + 7*u + 1. Let r be t(7). Let n be (-10)/3 - r/(-3). What is the tens digit of 18 + 0 + n/3?
1
Suppose 0 = -4*l + 5*g - 5, -2*g + 6*g - 4 = 0. Suppose l + 3 = -3*x. What is the units digit of 4*(x + 9/6)?
2
Let w(k) = 25*k + 1. Let s(z) = 13*z + 1. Let a(l) = -11*s(l) + 6*w(l). Suppose x = -4*r + 17, 5*x = -9*r + 7*r + 13. What is the tens digit of a(r)?
2
Suppose -b + 106850 = 24*b. What is the tens digit of b?
7
Let l(n) = -11*n**3 - 19*n**2 + 24*n + 55. What is the hundreds digit of l(-7)?
7
Let h be (-28)/(-10) - 4/(-20). Suppose h*y - 4 = -5*x + 130, 91 = 4*x - 3*y. What is the units digit of x?
5
Let p(d) = 54*d - 2. Suppose -3*l + 6 = -3*k, -2*l = -k + 2*l - 11. What is the units digit of p(k)?
2
Let p(b) = 5*b**2 + b + 25. What is the units digit of p(-10)?
5
Let n be -1 - -1 - (-1 - 1). Suppose 3*w - 742 = 2*a, -3*a = -w + n*a + 230. What is the hundreds digit of w?
2
Let y = 430 - 165. What is the tens digit of y?
6
Let h(c) = -c**3 + 8*c**2 - 6*c + 1. Let z be h(7). Suppose 0 = z*d - 9*d + 28. What is the units digit of d?
8
Let u(p) = -p + 10. Let a be u(-16). Suppose -27*s + a*s = -185. What is the tens digit of s?
8
Let f(k) =